 -h - 4. Let o be g(-2). Let i be (0 + 2/(-1))*o. Suppose -3 = i*z - 15. List the prime factors of z.
3
Let o(u) be the first derivative of 3/2*u**2 - u + 1. List the prime factors of o(5).
2, 7
Let k(f) = -f**3 - 14*f**2 - 27*f + 24. What are the prime factors of k(-13)?
2, 103
Let f(c) = c**3 - 2*c**2 + c - 1. Let h(u) = u + 3. Let i be h(-2). Suppose -a = 4*j + i, 4*a + 2 - 15 = j. What are the prime factors of f(a)?
11
Suppose -5 = -2*p + 5. Suppose 4*a - a = 15, -p*g = 5*a - 225. What are the prime factors of g?
2, 5
Let k = 104 - 73. List the prime factors of k.
31
Let d = 0 + 15. Let y = d + -11. What are the prime factors of 2 + 6/y*2?
5
Let d = 21 + -12. Let f = d - 0. List the prime factors of f.
3
What are the prime factors of ((-12)/4*1)/5*-465?
3, 31
Let n = -42 + 60. Let v be n + 0 + 1 + -4. Suppose b + v = 2*b. What are the prime factors of b?
3, 5
Suppose 0 = g + 2*g - 6. Suppose 5*k = -0*z - 5*z + 105, -g*z + 48 = 5*k. What are the prime factors of z?
19
Let v(g) = -g**2 + 4*g + 3. Suppose 2*r - 5 = r. Suppose -11 = -r*x + 9. List the prime factors of v(x).
3
Let f(i) = -i**3 - i**2 + 20. What are the prime factors of f(0)?
2, 5
Suppose 4*z = 4*b - 476, -b - 2*z = -34 - 91. What are the prime factors of b?
11
Let z(d) = -62*d - 23. List the prime factors of z(-5).
7, 41
Let r = 9 + -6. Suppose -5*q + 110 = r*n, 78 = 6*n - 3*n - 3*q. What are the prime factors of n?
2, 3, 5
Suppose -5*n = 2*j + 5 + 4, 0 = 5*n - 15. Let u(y) = y**3 + 5*y**2 + 5*y - 3. Let t be u(-4). Let l = t - j. List the prime factors of l.
5
Suppose 0*a = -5*s - 3*a + 97, s - 25 = -2*a. List the prime factors of s.
17
Let k(m) = m**3 + 22*m**2 - 38*m + 13. List the prime factors of k(-23).
2, 179
Let s(k) = 5*k**3 - 23*k**2 - 14. Let d(z) = -3*z**3 + 12*z**2 + 7. Let v(h) = -7*d(h) - 4*s(h). What are the prime factors of v(-8)?
7
Let g = -36 + 22. What are the prime factors of ((-6)/3)/(2/g)?
2, 7
Suppose -5 = 3*u - 8*u. Let b(y) = y**3 - y**2 + y + 1. Let m(o) = -2*o**3 + 7*o**2 - 7*o - 5. Let f(w) = 6*b(w) + m(w). What are the prime factors of f(u)?
5
Let r = -21 - -41. Let c be 10/4*16/r. Suppose 16 = -c*t + 6*t. List the prime factors of t.
2
Suppose s + 6 = 4*s. Let d = -26 - -28. Suppose 5*i = -s*u - d*u + 43, -5*u + 5*i = -65. List the prime factors of u.
2, 3
What are the prime factors of 2*(40 - 0)/4?
2, 5
Let r be (-852)/18 - 2/3. Suppose -5*l - 72 = 58. Let f = l - r. List the prime factors of f.
2, 11
Let t be 4 + -2 - 7*-1. Suppose 3*r - t = -l, -r - l = -0*r - 1. Suppose -4*u + 4 = r*k, -3*u - 4 = 5*k - 1. List the prime factors of u.
2
Let a be 4/14 - 288/(-21). Let v = -32 + a. Let z = -8 - v. List the prime factors of z.
2, 5
Let f = 3 - 9. What are the prime factors of (1 + f)*(-6)/10?
3
Suppose -3*b = -3*m + 63, 4*m + 7*b - 92 = 3*b. List the prime factors of m.
2, 11
Let i(x) be the first derivative of x**2 - 6*x + 2. Let z = 11 - 5. What are the prime factors of i(z)?
2, 3
Let z(r) = 10*r**2 + 6*r - 17. List the prime factors of z(3).
7, 13
Let m(i) = -23*i + 7. List the prime factors of m(-4).
3, 11
Let f(p) = -5*p**2 + 2*p + 2. Let y be f(-2). What are the prime factors of (-4)/y - 489/(-33)?
3, 5
Suppose -23 - 2 = -5*l. Suppose 3*r = d + 1 - 8, r + 21 = l*d. Let i(c) = 3*c**2 + 2*c + 1. What are the prime factors of i(r)?
2
Let s(i) = i**2 + 21. Let t be s(0). Let q = t + -7. List the prime factors of q.
2, 7
Let g = -8 - 1. Let h be (5/3)/(2/(-6)). Let m = h - g. What are the prime factors of m?
2
Let u = 401 - 135. What are the prime factors of u?
2, 7, 19
Let m = -3 - -1. Let y be -3 - -1 - m - -2. Suppose y*d + 28 = 6*d. List the prime factors of d.
7
Let n(p) = p**3 - 10*p**2 + 11*p - 12. What are the prime factors of n(9)?
2, 3
Let z(r) = -r - 2. Let k be z(-5). Suppose k - 1 = d. Suppose d*w - 42 = -w. What are the prime factors of w?
2, 7
Let s(m) = m**2 - 8*m - 8. Suppose b + 2*o = 20, -5*b = -2*o - 3*o - 25. List the prime factors of s(b).
2, 3
Suppose -6*a + 4*a + 20 = 0. Suppose 0 = 2*r + a - 38. Suppose 3*s - 2*s - r = 0. List the prime factors of s.
2, 7
Let q(s) be the third derivative of -s**6/60 - s**5/20 + s**4/24 - s**3/2 - s**2. List the prime factors of q(-3).
3, 7
Suppose 25 - 103 = -2*x - 4*u, 2*u = -3*x + 121. What are the prime factors of x?
41
Let g = -1 + -5. Let o(t) = -t**3 - t**2 - 4*t - 15. Let b(s) = s**3 + 3*s + 14. Let f(u) = g*o(u) - 7*b(u). List the prime factors of f(6).
2, 5
Let q(h) = 18*h - 5*h - 7*h. List the prime factors of q(6).
2, 3
Suppose 3*l + 5*l = 1376. What are the prime factors of l?
2, 43
Let d be (-4)/(-3)*(-3)/(-2). Suppose -8 = -c - 5*m, -3*c + d*c - m + 4 = 0. Suppose c*j = 3 + 18. What are the prime factors of j?
7
Let u = -100 + 212. List the prime factors of u.
2, 7
Suppose 0 = r + r. Suppose r*f + 2*f = 98. Let p = 69 - f. What are the prime factors of p?
2, 5
Let v(h) = -5*h + 8. What are the prime factors of v(-10)?
2, 29
Suppose -15 = -3*p - 2*p. Suppose 0*h + 155 = 4*c - h, -192 = -5*c + p*h. List the prime factors of c.
3, 13
Let g(c) = -3*c**3 + 2*c**2 + 3*c. List the prime factors of g(-2).
2, 13
Let b = -4 + 35. What are the prime factors of b?
31
Suppose 0 = 2*a + 5 - 55. List the prime factors of a.
5
Let n(v) = v**2 - 13*v - 28. Let a be n(15). Suppose -5 = 4*k + j, -k + 4*j - 2 + 5 = 0. List the prime factors of (k/a)/(2/(-68)).
17
Let b = -68 + 102. List the prime factors of b.
2, 17
Let p = 4 + 1. Suppose -5*l - p = -2*n - 0*n, -4*n + 4*l = -16. List the prime factors of n.
5
Let f be 0 + -3 - 9/(-1). Let p(m) = m + 11. List the prime factors of p(f).
17
Suppose 4*c + 4*u - 44 = 0, -4*u - 3 = 1. Let j be (-3)/c + 9/4. What are the prime factors of (-9)/j*4/(-3)?
2, 3
Let w(o) = o**3 - 11*o**2 - 13*o + 16. Let b be w(12). List the prime factors of (-126)/(-12) + 2/b.
11
Let v(f) = f**2 + 4*f + 6. What are the prime factors of v(-5)?
11
Suppose -9*u = -8*u - 6. Let x(y) = y + 2. List the prime factors of x(u).
2
Let n = 368 - 258. What are the prime factors of n?
2, 5, 11
Let b(g) = g**3 + 6*g**2 - 9*g - 4. Let v(h) be the first derivative of -h**2/2 - 7*h + 2. Let c be v(0). What are the prime factors of b(c)?
2, 5
Let z = -4 - -6. Suppose 0 = -7*f + z*f + 45. List the prime factors of f.
3
Suppose -5 - 17 = -b. Let l = b + -7. List the prime factors of l.
3, 5
Suppose 84 = -5*i + 214. List the prime factors of i.
2, 13
Let u = -18 + 18. Suppose 3*w - 2 - 10 = u, -4*j + 156 = 3*w. What are the prime factors of j?
2, 3
Suppose 4*u = 8*u - 136. List the prime factors of u.
2, 17
Let c(l) = -33*l**2 + l. Let m be c(-1). Let w = m - -61. List the prime factors of w.
3
Let s(p) = -p**2 + 2*p + 95. What are the prime factors of s(0)?
5, 19
Let f(w) = 21*w**2 + 6*w + 1. Let v be f(5). What are the prime factors of v/20 - 1/(-5)?
2, 7
Let j(m) = -m**3 + 12*m**2 - m + 17. Let b be j(12). Let f(l) = -l**3 + 6*l**2 - l - 1. List the prime factors of f(b).
19
Suppose 0 = -2*h + 6*h - 216. What are the prime factors of h?
2, 3
Let w = -2 - -15. What are the prime factors of w?
13
Let j = -3 - -4. Let c(z) = -19*z + 1. Let m(a) = 18*a - 1. Let f(p) = 4*c(p) + 5*m(p). What are the prime factors of f(j)?
13
List the prime factors of (-60)/(-9)*(-2394)/(-70).
2, 3, 19
Suppose -h - h = -10. What are the prime factors of 20 + h/((-15)/6)?
2, 3
Suppose 5*l + 5 = -4*r, -10 = -r - 0*l + l. Let u(y) = 2*y**2 - 6*y - 2. What are the prime factors of u(r)?
2, 3
Suppose 0 = 5*b - 3*b - 354. What are the prime factors of b/9 + (-2)/(-6)?
2, 5
Let v(d) = 3*d + 17. List the prime factors of v(-5).
2
Let w be 4/16 - 14/(-8). Let v(x) = 5*x**3 - 3*x**2 + 2. Let r be v(w). Suppose -4*i + r = -i. What are the prime factors of i?
2, 5
Suppose 0 = 2*q + 2*q - 20. Suppose -72 = s - q*s. List the prime factors of s.
2, 3
Suppose -20 = 5*d - 110. What are the prime factors of d?
2, 3
Let g = -11 - -47. What are the prime factors of g?
2, 3
Suppose -o = -5*u + 325, -5*o + o + 260 = 4*u. What are the prime factors of u?
5, 13
Let i be (-1)/((-8)/(-10) + -1). Let m = 10 - i. Suppose m*y - 13 = 12. List the prime factors of y.
5
Suppose 2*w + 3 = 11. Suppose 0 = 5*t + 2*p - 124, w*p + 115 = 3*t + 25. List the prime factors of t.
2, 13
Let n(u) = 3*u + 3. Let k be n(-3). List the prime factors of (-